.
2, 3
Let c(q) = 5*q**3 - q**2 + 7*q + 9. Let b(a) = -6*a**3 - 8*a - 10. Let k(f) = 6*b(f) + 7*c(f). Let v be k(-7). What are the prime factors of (v - 1)*-1 + 1?
2, 3
Let v(n) = -n**3 + 2*n**2 - 2*n + 79. What are the prime factors of v(0)?
79
Let c(o) = o**2 - 6*o. Suppose -s + 21 = 2*s. List the prime factors of c(s).
7
Suppose t - 28 = -4*t + 4*i, -3*t + 3*i = -18. Let x = 32 - 19. Suppose 2*c - 4*g - 32 = 0, 3*c - t*c = -g - x. What are the prime factors of c?
2, 5
Suppose -5*l - 17 = 13. Let z be 4/6 - 8/l. Suppose -5*u = -z*u - 6. List the prime factors of u.
2
Let n = 399 - 244. List the prime factors of n.
5, 31
Suppose 0 = -5*h + 2*n + 148, 0 = -5*n - 0 + 5. What are the prime factors of h?
2, 3, 5
Suppose 14*p = 9*p + 365. List the prime factors of p.
73
Suppose -r - 16 = -5*r. Let d = r + 2. List the prime factors of d.
2, 3
Suppose 4*w = 12 + 8. Suppose -3*d - 6*r + 2*r + 22 = 0, w*d + 2 = 3*r. Suppose -d*h + 4 = -0*h. What are the prime factors of h?
2
Suppose 2*g = 4*v - 6*v - 8, 0 = -g - 5*v - 12. Let m = 5 + g. List the prime factors of m.
3
List the prime factors of (-2 - 2) + 0 - (-284)/2.
2, 3, 23
Let o(h) = h**2 + 2*h - 1. Let b be o(5). Suppose -3*y = -4*d + 2*d + b, -y = -3*d + 58. What are the prime factors of d?
2, 5
Suppose -13*b = -4*b - 495. List the prime factors of b.
5, 11
Let q(b) be the third derivative of b**7/2520 - b**6/240 + b**5/60 - b**2. Let u(a) be the third derivative of q(a). List the prime factors of u(6).
3
List the prime factors of 174/18*(-1 + 4).
29
Let s(m) = 2*m + 4. Let f be 3/(-9)*-3 + 3. Let d be 10/f*(-36)/(-30). What are the prime factors of s(d)?
2, 5
List the prime factors of 2*12*(28/12 - -1).
2, 5
Suppose -5*c + 23 = -w, c + 4*c - 8 = -4*w. Suppose 2*t - c*u - 16 = 0, -u = 4*t + 4*u - 84. List the prime factors of t.
2
Suppose 0 = 3*k - 6*k - 9. Let y(o) = o**2 + 3*o + 2. List the prime factors of y(k).
2
Let p(r) = r - 1. Let x be p(0). Let q be (x + 2)*(-1 - -2). What are the prime factors of 1 + (q - 0)*2?
3
Suppose -5*z - 36 = -4*f + 12, -4*f = -2*z - 48. What are the prime factors of f?
2, 3
Let n(o) be the third derivative of o**5/60 + o**4/6 - o**3/2 - o**2. Suppose t = -5*j - 0*j - 28, -3*j + t = 12. List the prime factors of n(j).
2
Suppose -4 = -2*d - 10. What are the prime factors of 1/((-1)/(69/d))?
23
Suppose 3*r + l - 54 = 6*l, 5*r - 77 = 4*l. What are the prime factors of r?
13
Let u = -61 - -107. What are the prime factors of u?
2, 23
Suppose -v + 6*k - 3*k = -4, 3*v = 3*k + 18. Let d(y) = 4*y + 6. Let j(w) = -9*w - 13. Let b(h) = v*d(h) + 3*j(h). What are the prime factors of b(4)?
7
Suppose 2*z + 2*x = 296, 4*z + 2*x = x + 577. What are the prime factors of z?
11, 13
Let g(b) = 5*b + 7. Suppose -4*m + 5 = -p, 5*p + 2*m = 36 + 5. Let h be g(p). Let x = -19 + h. List the prime factors of x.
23
Let c = -63 - -93. What are the prime factors of c?
2, 3, 5
What are the prime factors of -118*(6/(-21) + (-51)/42)?
3, 59
What are the prime factors of (9 - 9) + (2 - -26) + 1?
29
Let h(c) be the first derivative of c**3/3 - c**2/2 + 13*c - 3. List the prime factors of h(0).
13
Let a(y) = -y**2 - 15*y - 9. List the prime factors of a(-11).
5, 7
Let y = 1 + -19. What are the prime factors of y/(-30) - 177/(-5)?
2, 3
Suppose -2*v = 3*t - 5*t - 2, 2*v = -t + 14. Let i = -4 + 3. Let o = i + t. List the prime factors of o.
3
Let y be (-1)/(-3) - (-10)/6. Suppose 0 = -y*s + 8 - 2. Suppose 1 - s = -p. List the prime factors of p.
2
Let r = -94 + 171. What are the prime factors of r?
7, 11
Suppose 4 - 19 = 5*w. What are the prime factors of (-8)/(-2)*(w - -4)?
2
Suppose 13 = 2*w + 3. Let t = 7 - w. Suppose t*o = 10 - 2. List the prime factors of o.
2
Suppose 3*w - 5*u = 45, 2*u + 3 = 4*w - 71. Let v = -8 + w. List the prime factors of v.
2, 3
Suppose 0*r - 93 = -r. List the prime factors of r.
3, 31
Let d(r) = -r**2 - 10*r + 12. Let a = 13 - 22. What are the prime factors of d(a)?
3, 7
Suppose 3*y = k + 48 + 3, 3*k - 85 = -5*y. List the prime factors of y.
17
Let n(r) be the third derivative of -r**6/120 - r**5/60 + r**4/24 - 6*r**2. What are the prime factors of n(-2)?
2
Let c be (-2)/8 - 81/(-4). Suppose 4 = -5*y - g - c, 3 = 3*g. Let k = 16 + y. List the prime factors of k.
11
Suppose 3*p - p = 4*q - 8, -5*p + 3*q + 1 = 0. Suppose p*m + 0*m = 92. List the prime factors of m.
2, 23
Let f = -22 - -39. Suppose -5*x - 7 = -f. Let n = 5 - x. List the prime factors of n.
3
Let o(i) = 3*i**2. Let u be o(5). Suppose 0 = 2*q + 3*q - u. What are the prime factors of 171/q + (-6)/15?
11
Suppose 8*o - 3*o = 5*i + 25, 4*i = 3*o - 17. Suppose -u + 6 = 2*r, -r - o*r - 28 = -3*u. What are the prime factors of u?
2
Let p(l) = -7*l**3 + 7*l**2 + 5*l - 6. Let a(o) = -6*o**3 + 6*o**2 + 5*o - 5. Let k(w) = -6*a(w) + 5*p(w). What are the prime factors of k(4)?
2, 7
Suppose 0 = -2*p - 48 + 164. What are the prime factors of p?
2, 29
Let w(t) be the second derivative of -t**3/3 + t**2/2 + t. Let c(u) = 1. Let y(z) = -2*c(z) - w(z). What are the prime factors of y(4)?
5
Suppose -5*s = -i - 126, i + 90 + 10 = 4*s. List the prime factors of s.
2, 13
Suppose 34 = -8*d + 234. What are the prime factors of d?
5
Let p(v) = 11*v**2 - 1. Let k be p(-1). Suppose -c - k = 3*m, -m - 16 = -2*c + 2*m. Suppose 4*b - 12 = 0, 3*l + c*l - 50 = -5*b. List the prime factors of l.
7
Suppose 4*f - o - 428 = 0, 4*f - 5*o - 289 - 155 = 0. What are the prime factors of f?
2, 53
Suppose -3*m + 13 = -0*u - u, -2*m + 10 = -2*u. Suppose 0 = -m*w - 3*k + 18 - 5, -w + 5*k = -9. List the prime factors of w.
2
Let n(l) = -6*l**3 + 9*l + 5*l**3 + 0*l + 8*l**2 + 4. What are the prime factors of n(9)?
2
Let m be (-9)/12 - (2/8 + -1). Suppose -4 = -3*g + 2. Suppose m = g*i - 3*i + 11. List the prime factors of i.
11
Suppose -4*d + 8 + 6 = 2*a, -2*a + d + 9 = 0. Let i = -30 + 40. Let c = i - a. What are the prime factors of c?
5
Let r(n) = -10*n**3 - 2*n**2 + n - 1. Let f be r(-2). Let q = -46 + f. List the prime factors of q.
23
Let o(k) = -k**2 - 8*k - 6. Let b be o(-6). List the prime factors of (8/b)/(2/27).
2, 3
Suppose -b + 7*b - 390 = 0. List the prime factors of b.
5, 13
Suppose -2 + 6 = -4*o + 4*p, -2*o + 10 = -5*p. Let c = -1 - o. List the prime factors of c.
2
Let x = 2 - 16. Let l be 2/7 - 66/x. What are the prime factors of 0 + l + -1 + 0?
2
Let s = -6 + 9. Let o(q) = 0*q - 4*q + s*q. List the prime factors of o(-6).
2, 3
Let u(t) = 12*t**2 + 3*t + 2. Let v be u(-2). Suppose -3*z = -v - 7. List the prime factors of z.
17
Let c(b) = -b**3 + 7*b**2 + 8*b + 4. Let m be c(8). Suppose -4*l + m*i = -100, i + 76 = 4*l + 3*i. List the prime factors of l.
3, 7
Let a(o) = o**3 + 4*o**2 + o + 6. Let g be a(-5). Suppose 8 = -3*k + 116. Let c = k + g. List the prime factors of c.
2, 3
What are the prime factors of -4 - (4 + -42 - 1)?
5, 7
Suppose 3*t + 3*v = -36, 3*t = 2*v - 7*v - 44. Let o = -5 - t. What are the prime factors of o?
3
Let g = 2 - 2. Let p(a) = a**3 + a + 5. What are the prime factors of p(g)?
5
Suppose 0*f = -4*k + f + 241, -5*f = k - 76. List the prime factors of k.
61
Suppose -1231 = -4*x - 4*q + 5*q, -4*x = q - 1233. What are the prime factors of x?
2, 7, 11
Suppose 0 = 2*m - m - 4*k - 283, 2*k + 1118 = 4*m. List the prime factors of m.
3, 31
Let n(u) = 2*u**3 - 28*u**2 + 4*u - 10. What are the prime factors of n(14)?
2, 23
Suppose 3*z + 2 - 53 = 0. Let a = -5 + z. What are the prime factors of a?
2, 3
Let b = 22 - 13. Suppose 4 = 5*a + b. Let w = 5 + a. List the prime factors of w.
2
Suppose 8 = 5*g - 3*g. Let s(j) = -24*j + 25*j + 3 + 1. List the prime factors of s(g).
2
Let g(s) be the second derivative of 2*s + 0*s**2 - 1/6*s**3 + 17/12*s**4 + 0. List the prime factors of g(1).
2
What are the prime factors of 4/(-18) - (-1526)/63?
2, 3
Let v(o) be the third derivative of -o**4/24 + 2*o**2. Let q be v(-6). What are the prime factors of 12*(-2 - (-14)/q)?
2
Let t(z) = 5*z + 19. Let c(l) = l + 5. Let p(n) = -9*c(n) + 2*t(n). Let m be p(8). Suppose d = 6 - m. What are the prime factors of d?
5
Let c(m) be the first derivative of 2*m**3/3 + 5*m**2/2 + 3*m + 2. Let u be c(-3). Suppose -u = -p - p. What are the prime factors of p?
3
Suppose -4*b - 2 = 26. Let l = 42 + b. List the prime factors of l.
5, 7
Suppose w = 3*w - 